 factor of k and 130?
13
Let u be -2*(2/4 + -1). Let z = u + 6. Calculate the greatest common divisor of z and 21.
7
Let x(h) = 3*h**2 + h**3 - 9*h**3 + 2 - 5*h**2 + h + h**2. Let v be x(-1). Calculate the greatest common factor of v and 72.
8
Suppose 3*t - 4*y = 438, -4*t + 603 = -0*t + y. Calculate the highest common factor of t and 30.
30
Let l(a) = 2*a**2 + 2*a + 1. Let r be l(-3). Suppose 91 = 4*v - 361. Let g = v + r. Calculate the greatest common factor of g and 14.
14
Suppose -4*v = 3*z - 97, 8*v + 4*z - 122 = 3*v. What is the highest common factor of 99 and v?
11
Suppose 2*v + 19 = 3*l, 0 = -4*l - 4*v + 62 - 10. Suppose z = 5*z - 48. Suppose -h = -5*h + z. Calculate the greatest common factor of l and h.
3
Let l(d) = 3*d - 1. Let a(g) = 5*g - 3. Let w(x) = -4*a(x) + 7*l(x). Let f be w(11). What is the highest common factor of 64 and f?
16
Let p = 75 - 65. What is the highest common divisor of 4 and p?
2
Let m be 3/(2/(12/9)). What is the highest common divisor of m and 5?
1
Let x(l) = -33*l + 5. Let z be x(-5). Let i be z/8 + 12/16. Calculate the highest common divisor of i and 33.
11
Let a = 4 + 6. What is the greatest common factor of a and 25?
5
Let l be (-4 - 1)*14/(-35). Suppose -2*g + l = -4. Calculate the highest common factor of 3 and g.
3
Let j = 268 - 178. What is the greatest common factor of j and 10?
10
Suppose -4*j - 32 = -8*j. Let u(k) = k**2 - 8*k + 12. Let x be u(j). What is the greatest common factor of x and 24?
12
Let k(q) = q**3 + 14*q**2 - 4*q + 32. Let b be k(-13). Calculate the highest common divisor of 23 and b.
23
Suppose 5*s + 0*s - 70 = 0. Let m be (-1)/(-1) - (0 + -25). Let l be 14*(-1 + m/s). What is the highest common factor of 108 and l?
12
Suppose a = 5*a. Suppose -5*c + 83 = -2*l, -5*c + 0*c + 5*l + 80 = a. What is the greatest common divisor of c and 17?
17
Let n be (53 - 2)*1/3. Suppose -16 = -4*y + 4. Suppose 6*x - 2*x - r = 135, -y*r = -5*x + 165. Calculate the highest common divisor of n and x.
17
Suppose 0 = 2*f + 10, -3*f - 2 = -2*j + 1. Let k be 163/3 - (-2)/j. What is the greatest common divisor of k and 9?
9
Suppose 0 = -3*v + 2*s + 202, 2*v - 268 = -2*v + 2*s. Calculate the highest common divisor of v and 12.
6
Let i(y) = y**2 + 12*y + 9. Let a(q) = -3*q + 2. Let x be a(5). Let l be i(x). What is the greatest common divisor of l and 176?
22
Suppose 0*o - 6 = -3*o. Suppose n = -0*n + o. Calculate the greatest common divisor of 10 and n.
2
Suppose 2*u = 3*w - 176 + 69, 0 = -u - 4. Let n be -1 + w + -3 + 4. Calculate the highest common factor of 11 and n.
11
Let i be (288/90)/((-4)/(-10)). Let l be (18/(-36))/((-1)/i). Let y = 15 - 9. Calculate the greatest common divisor of l and y.
2
Let h be 1/(1/(64 + -2)). Let j = h - -10. Calculate the greatest common factor of 8 and j.
8
Suppose 4*s - 118 = 3*s. Suppose q + 231 - 49 = 5*c, 3*c - 5*q = s. Let y be 428/8 + 1/2. Calculate the greatest common divisor of y and c.
18
Let g(t) = t**2 + 3*t - 2. Let a(b) = 2*b**2 + 4*b - 3. Let u(m) = 5*a(m) - 6*g(m). Let o be u(2). Calculate the greatest common factor of o and 85.
17
Let n be 1 + 0 - (-2 + 0). Suppose -5*t + n*t = -12. What is the greatest common divisor of t and 12?
6
Let k = 22 + -7. Suppose -5*p + k = 0, -3*b = 2*b + 2*p - 96. Suppose 0 = 3*y - b - 15. Calculate the greatest common divisor of 55 and y.
11
Let v = 52 + -37. Let i(k) = k**3 - 9*k**2 - 16*k + 9. Let o be i(11). What is the highest common factor of o and v?
15
Let u be 6/21 - 12/(-7). Let q(p) = 2*p**2 - p. Let j be q(u). What is the greatest common factor of 15 and j?
3
Suppose 4*f = 2 + 2. Suppose 4*g + f = 37. What is the greatest common divisor of 99 and g?
9
Let g be (-8)/(-12)*(-1 + 7). Suppose j + g*j = 20. Calculate the greatest common divisor of 16 and j.
4
Let t(d) = -2*d**2 + 12*d + 3. Let c be t(6). Calculate the highest common divisor of c and 9.
3
Suppose 2*z - 59 = m, 2*z - 81 = -z - m. Calculate the greatest common divisor of 4 and z.
4
Let a = -2 - -5. Suppose -a = 5*h - 5*m - 28, 3*h - 45 = -3*m. Calculate the highest common divisor of 110 and h.
10
Suppose -p + 0*o = 3*o - 17, 0 = 2*o + 10. Let h = -52 + 100. What is the highest common factor of h and p?
16
Suppose w + 0 = 2, 3*w - 18 = -2*n. Calculate the greatest common factor of n and 24.
6
Suppose -1 = 2*m - 5. Let u be 1 + 127 + m + -4. Calculate the highest common divisor of u and 14.
14
Let g be (-2)/(1*2/(-1)). Let m = -12 - -6. Let i be (-5 - m)/(g/55). What is the highest common divisor of i and 5?
5
Suppose 4*b - 7*b = -153. Suppose k + 0*t - t = 14, 2*t = -2*k + 40. Calculate the highest common factor of k and b.
17
Let f = 3 - -4. Let r(k) = 8*k - 2. Let x be r(2). Calculate the greatest common divisor of x and f.
7
Suppose 5*p = 18*p - 455. Calculate the greatest common divisor of 5 and p.
5
Suppose 3*u = 2*u + 2, w = -2*u + 69. What is the greatest common factor of 13 and w?
13
Let u = 63 + -273. Let a be u/(-25)*20/6. What is the highest common factor of 14 and a?
14
Let f be 29/3 + (-2)/3. Suppose -4*p + 0*c = 2*c - 256, 0 = -3*p - 5*c + 199. What is the highest common factor of f and p?
9
Let q(c) = c**3 + 5*c**2 + 5*c + 2. Let w be q(-3). Calculate the highest common divisor of w and 20.
5
Suppose -84 = -4*k - 3*d + 29, -170 = -5*k + 2*d. Calculate the highest common divisor of 144 and k.
16
Suppose 4*y + 0*y = -132. Let s be ((-200)/15)/(2/y). What is the greatest common divisor of s and 20?
20
Suppose -436 = -3*z + 362. What is the greatest common factor of 38 and z?
38
Suppose -3*y - 6 = -0. Let b be y/(-7 - -3)*68. What is the highest common factor of b and 51?
17
Let r be 3/(-24)*-58 + 1/(-4). Let n(q) = q + 8. Let o be n(-6). Suppose o*j + 40 = 110. Calculate the greatest common divisor of r and j.
7
Let t be -50*(-1 + 0) - 2. Suppose -5*n + t = 18. What is the highest common factor of n and 66?
6
Let r be (-156)/(-11) + (-2)/11. Suppose n + 3*n = 168. Calculate the highest common factor of n and r.
14
Suppose 5*h = -s - 3 - 3, -4*h = 2*s. Let f be -1 + -74*h/4. What is the greatest common factor of 90 and f?
18
Let f be (-4)/1 + 0 + 2. Let j = f - -4. Suppose j*q = 4*q - 240. Calculate the highest common divisor of q and 15.
15
Let f be 10 + 1 + (-4 - (-12 - -7)). What is the highest common factor of 36 and f?
12
Let q be ((-120)/42)/(4/(-140)). Let z = 45 + -5. Calculate the greatest common divisor of z and q.
20
Let i = -7 + 25. Let v be (-3)/(-18) + (-831)/i. Let p = -28 - v. What is the greatest common divisor of p and 54?
18
Let z be 4461/27 - (-2 - (-60)/27). Calculate the highest common factor of z and 33.
33
Let s be (8/(-6))/((-6)/45). Let o(q) = -4 + 4*q - 5*q + s. Let f be o(-6). What is the greatest common divisor of 4 and f?
4
Let j(l) = 3*l**2 + 4*l + 1. Suppose -4*q + 20 - 6 = 2*r, 3*r = -q - 4. Let p be j(r). What is the highest common factor of 4 and p?
4
Suppose -5*r - 2*w = 0, 0 = -2*r - 0*w + w + 9. Suppose 5*i + 31 = -2*z + 3*z, -2*z - r*i = -14. Calculate the greatest common divisor of 55 and z.
11
Suppose 3*t + 50 = 146. Suppose -3 = -3*n - 3*j, -2*n - 4*j - 4 = -0*n. Calculate the highest common factor of n and t.
4
Let s(k) = 4*k**2 + 3*k + 2. Let u be s(-3). Calculate the greatest common divisor of 203 and u.
29
Let m be 6 - -1 - 2/(-2). Let n = -5 + m. What is the highest common factor of n and 9?
3
Let s be 4 + -2*4 + 4. Suppose -5*r + 484 - 84 = s. What is the greatest common factor of r and 10?
10
Suppose -5*g + 3*x = -x - 542, -x = -4*g + 438. Calculate the highest common factor of 22 and g.
22
Let a be 4/(-10) + 8/(-5). Let i be 1 - (-8 - (-2)/a). Let p = i + -4. Calculate the greatest common divisor of p and 4.
2
Let z = 59 + -17. Let i = z + -23. Let a = -68 - -106. Calculate the greatest common factor of i and a.
19
Let i = 14 + -34. Let s be i*(-2)/(8/55). What is the highest common divisor of s and 25?
25
Let l(v) = -v**3 + 3*v**2 - 3*v + 5. Let n be l(2). Let y = 6 - -15. Let s be -5*1/((-5)/y). Calculate the greatest common factor of n and s.
3
Suppose -3*h = 2*h + 5. Let s be 10/4 - h/2. Suppose d + s*d = 64. What is the highest common divisor of d and 64?
16
Suppose -3*c + c = -4, 3*c = 5*x - 1119. What is the highest common divisor of x and 25?
25
Let k be 1/4 + (-52)/16. Let a be k/(((-